dred thousands digit of 166770627?
7
What is the hundreds digit of 8446110?
1
What is the ten thousands digit of 148930988?
3
What is the thousands digit of 2263382940?
2
What is the units digit of 365273569?
9
What is the thousands digit of 84339304?
9
What is the ten millions digit of 457965731?
5
What is the hundreds digit of 8252830375?
3
What is the tens digit of 8913992?
9
What is the thousands digit of 285537034?
7
What is the thousands digit of 23898473?
8
What is the units digit of 2330184630?
0
What is the tens digit of 576768248?
4
What is the thousands digit of 3961447639?
7
What is the hundreds digit of 85511590?
5
What is the hundred thousands digit of 1247676934?
6
What is the units digit of 21320497?
7
What is the units digit of 62961976?
6
What is the hundred millions digit of 4608888744?
6
What is the hundreds digit of 1637610595?
5
What is the tens digit of 109337509?
0
What is the hundred millions digit of 116908202?
1
What is the millions digit of 29245096?
9
What is the hundred millions digit of 225333426?
2
What is the millions digit of 55015236?
5
What is the hundreds digit of 159823808?
8
What is the units digit of 16803443?
3
What is the units digit of 828544289?
9
What is the hundred thousands digit of 105774887?
7
What is the units digit of 547808769?
9
What is the hundred millions digit of 2044235126?
0
What is the hundreds digit of 58472896?
8
What is the thousands digit of 41217372?
7
What is the billions digit of 1269173741?
1
What is the units digit of 398872877?
7
What is the tens digit of 900692578?
7
What is the ten millions digit of 619941338?
1
What is the millions digit of 202885587?
2
What is the ten thousands digit of 536479346?
7
What is the ten thousands digit of 291191857?
9
What is the ten millions digit of 113721051?
1
What is the tens digit of 1800839916?
1
What is the thousands digit of 125277081?
7
What is the hundred millions digit of 1204220919?
2
What is the hundreds digit of 750375764?
7
What is the ten thousands digit of 2837358121?
5
What is the millions digit of 35176002?
5
What is the ten thousands digit of 2225476445?
7
What is the tens digit of 242911858?
5
What is the ten millions digit of 11403050?
1
What is the ten millions digit of 5296292893?
9
What is the hundred thousands digit of 37982753?
9
What is the thousands digit of 106954437?
4
What is the tens digit of 4325573228?
2
What is the millions digit of 223974009?
3
What is the tens digit of 25922382?
8
What is the hundred millions digit of 1652847935?
6
What is the tens digit of 357696811?
1
What is the tens digit of 685298172?
7
What is the tens digit of 597155956?
5
What is the thousands digit of 85405361?
5
What is the hundred thousands digit of 1286269824?
2
What is the hundred thousands digit of 440216126?
2
What is the ten millions digit of 559113439?
5
What is the hundred thousands digit of 136974207?
9
What is the hundred thousands digit of 145541302?
5
What is the ten thousands digit of 47076320?
7
What is the units digit of 52912964?
4
What is the ten thousands digit of 79930178?
3
What is the ten thousands digit of 3269773844?
7
What is the thousands digit of 1350024753?
4
What is the millions digit of 101945745?
1
What is the ten thousands digit of 550691666?
9
What is the tens digit of 181611019?
1
What is the units digit of 6862154966?
6
What is the thousands digit of 835519204?
9
What is the tens digit of 686704345?
4
What is the tens digit of 983966736?
3
What is the millions digit of 673127831?
3
What is the units digit of 467663456?
6
What is the hundreds digit of 413566155?
1
What is the thousands digit of 17910848?
0
What is the hundred millions digit of 410203226?
4
What is the thousands digit of 30160780?
0
What is the ten thousands digit of 43531005?
3
What is the millions digit of 47966999?
7
What is the ten millions digit of 5648080020?
4
What is the units digit of 234572663?
3
What is the units digit of 101783054?
4
What is the hundred millions digit of 1297779030?
2
What is the billions digit of 2135448918?
2
What is the millions digit of 2179766920?
9
What is the thousands digit of 186840883?
0
What is the ten millions digit of 472057797?
7
What is the hundred thousands digit of 59768357?
7
What is the hundred thousands digit of 1897550704?
5
What is the hundred millions digit of 229308037?
2
What is the millions digit of 21583976?
1
What is the units digit of 2263362807?
7
What is the millions digit of 1686294392?
6
What is the millions digit of 105346539?
5
What is the tens digit of 652485711?
1
What is the ten thousands digit of 55413424?
1
What is the thousands digit of 4698180738?
0
What is the ten millions digit of 5667547177?
6
What is the thousands digit of 29730409?
0
What is the ten thousands digit of 314601323?
0
What is the thousands digit of 384610951?
0
What is the millions digit of 292894187?
2
What is the tens digit of 22023495?
9
What is the units digit of 375842245?
5
What is the ten thousands digit of 74506911?
0
What is the ten millions digit of 252959978?
5
What is the hundreds digit of 6959965?
9
What is the ten thousands digit of 367272194?
7
What is the thousands digit of 4116416013?
6
What is the hundreds digit of 6561531?
5
What is the ten thousands digit of 31703147?
0
What is the tens digit of 3182105009?
0
What is the ten millions digit of 1261759431?
6
What is the billions digit of 3000271175?
3
What is the hundred thousands digit of 16333135?
3
What is the millions digit of 144822336?
4
What is the tens digit of 341903640?
4
What is the millions digit of 2093742031?
3
What is the tens digit of 97124396?
9
What is the ten millions digit of 1978223295?
7
What is the hundreds digit of 4558177759?
7
What is the thousands digit of 28276231?
6
What is the hundred thousands digit of 172698466?
6
What is the ten thousands digit of 13576986?
7
What is the tens digit of 4982596727?
2
What is the tens digit of 1643711151?
5
What is the hundred thousands digit of 264203830?
2
What is the thousands digit of 43547333?
7
What is the tens digit of 963490848?
4
What is the hundred millions digit of 1363925305?
3
What is the hundred thousands digit of 2040307103?
3
What is the units digit of 593461579?
9
What is the thousands digit of 155428540?
8
What is the ten millions digit of 413111040?
1
What is the tens digit of 433938665?
6
What is the ten thousands digit of 8493205?
9
What is the hundred thousands digit of 179858802?
8
What is the thousands digit of 1414213567?
3
What is the hundred thousands digit of 676511761?
5
What is the billions digit of 1252081299?
1
What is the units digit of 225422898?
8
What is the ten thousands digit of 2005307?
0
What is the ten thousands digit of 1082572705?
7
What is the tens digit of 93443382?
8
What is the hundreds digit of 79912857?
8
What is the thousands digit of 110678596?
8
What is the hundreds digit of 51646122?
1
What is the billions digit of 5314220218?
5
What is the millions digit of 1111873136?
1
What is the ten thousands digit of 245371877?
7
What is the billions digit of 5899318527?
5
What is the thousands digit of 334783324?
3
What is the hundred millions digit of 289697170?
2
What is the tens digit of 70310256?
5
What is the ten thousands digit of 38910250?
1
What is the millions digit of 55152987?
5
What is the hundred thousands digit of 56828129?
8
What is the ten thousands digit of 87942827?
4
What is the tens digit of 158996864?
6
What is the tens digit of 78151606?
0
What is the hundred millions digit of 963239985?
9
What is the hundreds digit of 34800115?
1
What is the hundred millions digit of 539809680?
5
What is the millions digit of 1802975491?
2
What is the units digit of 97948821?
1
What is the ten thousands digit of 1083115387?
1
What is the millions digit of 114529511?
4
What is the units digit of 150896103?
3
What is the millions digit of 486135742?
6
What is the ten millions digit of 5307825875?
0
What is the ten thousands digit of 37564008?
6
What is the thousands digit of 66417915?
7
What is the billions digit of 1280804183?
1
What is the thousands digit of 211416396?
6
What is the units digit of 2394048146?
6
What is the millions digit of 149098806?
9
What is the thousands digit of 210134863?
4
What is the t